ase 8) to base 11.
54a387
96691 (base 12) to base 5
22313330
Convert -113231320 (base 4) to base 9.
-157227
14460345 (base 7) to base 10
1375953
Convert 112152 (base 7) to base 2.
100111000001100
Convert 739398 (base 12) to base 2.
110111100010111100100
What is -2d573 (base 15) in base 13?
-51804
What is -10014113 (base 6) in base 8?
-1047035
Convert -10101110011100010 (base 2) to base 11.
-61115
-632177 (base 9) to base 3
-201002012121
Convert 121352 (base 9) to base 7.
423245
Convert 2141300301 (base 5) to base 3.
22201110021100
1051aa (base 14) to base 6
15455014
Convert -2001113231 (base 4) to base 6.
-15205125
What is -40408c (base 14) in base 7?
-24244235
Convert -5808 (base 15) to base 12.
-a98b
2264c (base 15) to base 2
11010101101101110
What is -7910a (base 15) in base 5?
-44304420
Convert -12200103421 (base 5) to base 3.
-1000012110220200
Convert 5648480 (base 10) to base 14.
a706ac
What is 2d3396 (base 14) in base 8?
6025610
What is 10223444 (base 6) in base 4?
1020332110
What is 170730 (base 9) in base 3?
12100211000
172555 (base 10) to base 5
21010210
320213320 (base 4) to base 2
111000100111111000
What is 105053 (base 10) in base 3?
12100002212
What is 11101001101110010001 (base 2) in base 15?
13d9be
10130203123 (base 5) to base 10
10397288
What is -3df1aa (base 16) in base 4?
-33133012222
What is -10011000011100001100 (base 2) in base 7?
-5210253
Convert 22254400 (base 8) to base 12.
1739940
5146d5 (base 16) to base 5
2330422144
-112350111 (base 6) to base 4
-13330132123
What is 1a8a08 (base 14) in base 4?
3212323300
5a583 (base 11) to base 14
23ad5
-306525 (base 11) to base 15
-9aa9b
What is -6593a (base 12) in base 13?
-49234
-20011311 (base 4) to base 8
-100565
Convert 1c24604 (base 14) to base 9.
28427643
Convert 66b18 (base 13) to base 14.
4bd24
What is 5329725 (base 10) in base 6?
310122353
What is -677517 (base 9) in base 11?
-25792a
-122000021022 (base 3) to base 4
-1101233120
What is 1377860 (base 12) in base 4?
32311330020
45b515 (base 13) to base 8
6234417
Convert -2342362 (base 8) to base 13.
-195555
21002112210 (base 3) to base 4
202011312
11b731a (base 12) to base 8
15204006
What is 37062 (base 16) in base 5?
24203003
Convert 1001101000010010110 (base 2) to base 15.
63762
What is -11111100001101000111 (base 2) in base 9?
-1844042
100102122201 (base 3) to base 13
66664
2222413340 (base 5) to base 3
100012100220002
What is -13000021310 (base 4) in base 15?
-263d5b
Convert 189751 (base 14) to base 13.
246775
Convert -221012100 (base 3) to base 14.
-69a1
What is -3a23903 (base 11) in base 15?
-92715a
Convert 5a6720 (base 11) to base 12.
3a3a34
What is -452023 (base 8) in base 15?
-30330
68d06 (base 14) to base 7
2111306
-1656401 (base 9) to base 3
-1201220110001
Convert -314636 (base 10) to base 4.
-1030310030
10221100202020 (base 3) to base 15
2b5470
-21001422 (base 5) to base 10
-172112
What is 32cc6c (base 13) in base 14?
2331b5
1101001110000 (base 3) to base 2
10110010000011101100
-341013400 (base 5) to base 13
-407333
Convert -200aaa4 (base 11) to base 14.
-6887b6
Convert 403023 (base 7) to base 12.
33616
What is 102232353 (base 6) in base 3?
10101002110020
-209c4 (base 16) to base 10
-133572
What is -79494 (base 14) in base 12?
-122536
What is -102221110 (base 4) in base 9?
-125677
Convert -2bbc4 (base 14) to base 11.
-75174
What is 55e53 (base 16) in base 6?
11312455
Convert 90a38 (base 13) to base 14.
6a44a
What is 5511351 (base 7) in base 2?
10100100110110000111
What is 111012 (base 6) in base 15?
2b4b
What is -111000012121 (base 3) in base 5?
-31143110
What is 3a99a7 (base 12) in base 5?
222031311
Convert -224530 (base 9) to base 10.
-134568
Convert -b330f (base 16) to base 3.
-1101021210222
18b91 (base 12) to base 14
d2d7
Convert -19db57 (base 16) to base 7.
-20255245
Convert -65c44 (base 15) to base 3.
-121102121101
What is -2152413 (base 6) in base 12?
-52709
Convert 4c0bc (base 16) to base 7.
2435055
9240702 (base 11) to base 9
33642415
What is -60b7 (base 15) in base 10?
-20422
What is -1380736 (base 11) in base 4?
-21003101320
Convert 1432641 (base 8) to base 14.
a8437
-6a2a26 (base 13) to base 12
-a16050
What is 56425463 (base 7) in base 3?
100012211020102
What is 260623 (base 10) in base 7?
2133556
Convert -1355004 (base 8) to base 4.
-1131220010
What is -3c96b6 (base 13) in base 14?
-2a6671
Convert 1b687a (base 13) to base 7.
5644051
What is 142c40 (base 16) in base 15?
1b1ab8
-51331 (base 12) to base 11
-72602
Convert 18e791 (base 15) to base 13.
336367
4881053 (base 9) to base 3
11222201001210
What is -1253123 (base 8) in base 9?
-582723
What is -6a167 (base 11) in base 10?
-101350
What is -1976442 (base 10) in base 5?
-1001221232
22aa99 (base 12) to base 15
b04d3
What is -110111101111001101001 (base 2) in base 5?
-431421114
What is 1100100101011100001101 (base 2) in base 11?
1953719
What is -1101001100000101110111 (base 2) in base 5?
-1341114044
What is 1000010100011101100010 (base 2) in base 14?
40ab50
21102012100 (base 3) to base 8
435030
Convert -23302302 (base 4) to base 3.
-2110021010
Convert -142982 (base 12) to base 13.
-ba2b4
-1365146 (base 7) to base 10
-184274
What is 45340 (base 12) in base 9?
150253
Convert 23351 (base 7) to base 3.
22020202
-2c48f (base 16) to base 15
-38b2b
-1046213 (base 8) to base 4
-1010302023
What is 111222133 (base 4) in base 10?
88735
What is 4850 (base 11) in base 15?
1d32
What is -110101212000 (base 3) in base 9?
-411760
Convert 688612 (base 12) to base 7.
20140151
Convert 22441344 (base 6) to base 7.
5602102
110100111001001001 (base 2) to base 15
442d4
Convert -41bec (base 16) to base 12.
-10ba10
Convert -1000031 (base 6) to base 9.
-71021
Convert 1301201332 (base 4) to base 2.
1110001100001111110
-365a6a (base 15) to base 11
-1517277
What is -141262 (base 7) in base 13?
-c31c
-4a6947 (base 11) to base 14
-16b644
-27c9ae (base 15) to base 11
-109941a
Convert 11121202000222 (base 3) to base 8.
11273402
What is -102210011021021 (base 3) in base 8?
-27707042
3171807 (base 10) to base 14
5c7c99
Convert -6171150 (base 8) to base 16.
-18f268
Convert 32003 (base 14) to base 6.
2330551
What is -6572395 (base 10) in base 15?
-89c59a
Convert -1030632 (base 9) to base 13.
-16411a
What is -1740102 (base 8) in base 12?
-205b6a
What is 15a39 (base 15) in base 2?
10001000010101100
What is 450454 (base 9) in base 11?
174426
What is 110111010101101 (base 2) in base 10?
28333
Convert 3004023132 (base 5) to base 16.
5a62d6
-a3a962 (base 13) to base 15
-507774
Convert -2a5303 (base 14) to base 7.
-15346503
-77406 (base 10) to base 8
-227136
4223025 (base 12) to base 8
57507135
Convert -334122221 (base 5) to base 11.
-917018
234401013 (base 6) to base 7
52354350
Convert -d2ec3 (base 16) to base 5.
-210121224
What is -12013423 (base 5) in base 12?
-53b34
What is 98b5a8 (base 15) in base 7?
115601012
Convert -1b6e0 (base 15) to base 11.
-61111
118761 (base 11) to base 16
2db76
2313232121 (base 4) to base 6
24043545
What is -2601373 (base 8) in base 16?
-b02fb
What is -654117 (base 11) in base 16?
-ff1ee
What is -51546 (base 9) in base 14?
-c553
What is -12122011222221 (base 3) in base 8?
-13332403
What is -2112220220 (base 3) in base 12?
-250b0
-7234 (base 11) to base 2
-10010101111100
Convert 2a626 (base 13) to base 15.
18b28
13421a (base 11) to base 9
350746
Convert 23010010 (base 5) to base 10.
203755
-10a742 (base 11) to base 15
-36dd9
-38915 (base 12) to base 11
-53124
-131030240 (base 5) to base 2
-10011100111000001010
-13899 (base 10) to base 3
-201001210
-115043 (base 10) to base 11
-79485
-4276376 (base 8) to base 7
-12512300
What is -41a07 (base 15) in base 3?
-101120111121
What is 27a0c (base 13) in base 9?
122707
-1adc513 (base 14) to base 11
-7650560
What is 2a5842 (base 11) in base 7?
4022166
Convert 151326 (base 8) to base 7.
313234
What is 100011010001110101001101 (base 2) in base 16?
8d1d4d
Convert 345814 (base 11) to base 8.
2060753
997a0 (base 14) to base 12
15b300
87051 (base 13) to base 16
3b8dd
12111102110 (base 3) to base 8
323251
What is -3701570 (base 11) in base 2?
-11000100101010000010101
What is -1a6098 (base 11) in base 14?
-82dd8
What is 3503d1 (base 14) in base 7?
21232151
-5762780 (base 10) to base 15
-78c755
Convert ab448 (base 12) to base 6.
